 be d(4). Let t = r + -6. Determine u(t).
-11
Suppose 18 = 4*p - 5*k, -k + 0*k + 8 = 5*p. Let g be (-8 + 4)/(2/(-1)). Suppose p = -g*q + 10. Let j(v) = -v**2 + 5*v + 3. Determine j(q).
7
Let k(x) = x + 1. Let r be (-15)/(-10)*2/3. Let j = r - 2. Let f = -3 - j. What is k(f)?
-1
Let g be ((-8)/(-10))/(2/5). Let v(z) = 2*z - 3. Determine v(g).
1
Let i(f) = -f - 1. Let z = 18 + -18. Determine i(z).
-1
Suppose 3*u - 40 = -u. Let z = 15 - u. Let d(m) = 20*m + 3. Let v(j) = 7*j + 1. Let l(n) = -6*d(n) + 17*v(n). Calculate l(z).
-6
Let d(z) = -5*z + 2*z + 3 + 4*z. Let y = 4 - 4. Determine d(y).
3
Let l(c) = 16*c + 0 + 8*c**2 - 8 + 6*c**3 - 3*c**3. Let x(g) = g**3 + 4*g**2 + 8*g - 4. Let n(s) = -2*l(s) + 5*x(s). Give n(5).
11
Let v(i) = -2*i**3 + i**2 - 2*i + 3. Suppose 6 - 4 = y. What is v(y)?
-13
Let y(o) = -11*o**3 + o**2 + o. Let p(x) = x**2 + 2*x. Let h be p(-1). Calculate y(h).
11
Let r(d) = 7*d + 4. Let t(o) = 2*o + 1. Let k(u) = 3*r(u) - 12*t(u). Calculate k(-6).
18
Let p(o) = o**3 + 4*o**2 - o - 4. Let i(f) = f**2 + 0*f**2 - 2*f**2 + 1. Let t(z) = -z**3 + 7*z**2 - 5*z - 8. Let g be t(6). Let h be i(g). Calculate p(h).
8
Let t(z) = -1 - 3*z - 6*z + z. Suppose 4*f = 4, f + 6 = -2*y - 3. Let r = y + 4. Calculate t(r).
7
Let i(u) be the first derivative of -u**4/4 - 4*u**3/3 - u**2/2 - 2*u + 1. Suppose 3*r - 4*r = 76. Let t be r/28 - 2/7. Determine i(t).
-8
Suppose -3*n = -3 - 0. Suppose -4*t = 3 + n. Let g(r) = -9*r**2 - r. Determine g(t).
-8
Let n(f) = f**2 + 6*f + 5. Let q = -22 + 17. Give n(q).
0
Let q(l) = l**3 - 2*l**2 - l - 1. Let c = 2 - 0. Suppose -6*n + c*n - 8 = 0. Let g be (8/6)/(n/(-3)). Determine q(g).
-3
Suppose 0 = 4*h - 2*i + 26, -2*h - 2*i = i + 9. Let a(q) = q**3 + 5*q**2 - 6*q - 7. Determine a(h).
-7
Let q(z) = -4 - 3*z + 4 - 1. Let u = -1 + -9. Let j = -12 - u. Give q(j).
5
Let o be (2 + -3)*-1 + -1. Suppose 3*y + 0 - 6 = o. Let j(q) = -q**3 + 127 + 2*q**2 - 127 - 3*q. What is j(y)?
-6
Let n(s) = 5*s. Let o = 31 - 32. Determine n(o).
-5
Let m(t) = -5*t**2 + 30*t - 5. Let k be m(6). Let r(d) = 4*d + 4. Determine r(k).
-16
Let j(k) be the third derivative of k**5/60 - k**4/24 + 7*k**3/6 + 26*k**2. What is j(0)?
7
Suppose 2 = -v + 6. Suppose -6*o + v*o - 10 = 0. Let b(f) = -f**2 - 6*f - 6. Give b(o).
-1
Let y(o) = -7*o**2 - 8 + o**2 + 7 + 2*o. Let d be y(1). Let h(c) = -c**3 - 5*c**2 - c - 1. What is h(d)?
4
Let o(x) = -3*x**3 + x. Suppose 2*u - 3 = 5*s, s - 1 = -2*u + 4*u. Give o(u).
2
Let h(w) = -11 + 0*w - w + 3. Suppose 12 = -y - 4*f + 20, 0 = 4*y + 5*f + 1. Determine h(y).
-4
Let v(o) = 6*o**3 + o**2 - o. Suppose 15*z - 13*z = 2. Calculate v(z).
6
Let q(h) = 5*h**2 + 2 - h**3 + 4 - 10 - 4*h. What is q(4)?
-4
Let p(l) be the third derivative of -l**6/120 - l**5/10 - 7*l**4/24 - l**3 + 3*l**2. What is p(-5)?
4
Let t(f) = -3 - 4*f + f**3 + 5*f + 2*f**2 - 3*f**2. Give t(0).
-3
Let u = 5 + -10. Let t = -13 - -9. Let w(n) = -n**2 - n + 2. Let g(a) = a**2 + a - 2. Let y(h) = t*g(h) + u*w(h). Give y(-3).
4
Let k = 2 - 6. Let t = k - -7. Let l(c) = 2*c - 4. Give l(t).
2
Let f(s) = -s**3 + 6*s**2 - 4*s + 2. Let y = 11 - 2. Let q be (-282)/(-54) + (-2)/y. What is f(q)?
7
Let z(t) = -3*t**3 + 2*t**2 - t. Let h(m) = m**2 + 6*m + 10. Let v be h(-3). What is z(v)?
-2
Let h(r) be the third derivative of r**5/30 + r**4/12 + r**3/6 - 4*r**2. Suppose 2*z - 23 = 1. Suppose -5*d - z - 2 = 2*q, 2*q - 2*d = 0. Calculate h(q).
5
Let m = 100 + -93. Let u(g) = -g + 9. Give u(m).
2
Suppose 4*v - 12 - 4 = -3*w, 4*w = 4*v + 12. Let t(l) = -3*l + 0*l + 8*l + 2 - w*l. Calculate t(0).
2
Let v(w) = 7*w**3 + 2*w**2 + w. Suppose 1 = -t - 0. Determine v(t).
-6
Let o(h) = h**3 - h**2 - h. Let d(v) = -v - 2. Let p be d(-7). Let a = -3 + p. Suppose -3*m = 3*s - 14 + a, 3 = -3*s + 2*m. Give o(s).
-1
Let u(m) = -m**3 - m - 1. Let g(z) = -8*z**3 - 2*z**2 - 7*z - 8. Suppose -1 = -3*l - 4. Let s(j) = l*g(j) + 6*u(j). Determine s(-2).
-8
Let c be (2/3)/(3/(-18)). Let s(v) = -v**2 + 5*v - 3. Let y be s(3). Let r(n) = -3*n - 4*n + 3*n + y + 5*n. Determine r(c).
-1
Let d(l) = 6*l**2 + 9*l + 10. Let j(t) be the second derivative of -t**4/3 - t**3 - 7*t**2/2 + 5*t. Let m(x) = 5*d(x) + 7*j(x). Give m(-3).
10
Let b = 5 - 5. Suppose 0 = -y - 3*t - 4, -3*y = t - b*t + 4. Let o(d) = 4*d + 1. Determine o(y).
-3
Let r(h) be the third derivative of h**6/120 - h**5/12 - 3*h**4/8 + 3*h**3/2 - 4*h**2. Determine r(6).
-9
Suppose -6*a + 3*l = -a - 15, 5*a + 5 = -l. Let z(r) = r**3 - 3 + r + 0*r + a. What is z(0)?
-3
Let g(o) = -o**3 - 2*o**2 + 3*o + 4. Suppose 0 = 2*p - 6. Suppose -2*i + 15 = 3. Let s = p - i. What is g(s)?
4
Let z(w) = w + 2 + 4*w - 4*w. Let a be (3 - (-104)/(-16))*4/7. Give z(a).
0
Let g(q) = -q**3 + 2*q**2 + 3*q + 2. Let b be g(3). Let c(k) be the third derivative of -k**5/20 + k**4/8 + 5*k**2. Calculate c(b).
-6
Let k(i) = 3*i**2 - 8*i**2 + 0*i**2 + 3*i**2 + 4*i - i**3. Let s(c) = -c - 1. Let d be s(2). Give k(d).
-3
Let c(b) = 2*b**2 + b - 2. Let k(z) = -z**2 - 7*z + 5. Let x be k(-8). Determine c(x).
13
Let i = 8 - 5. Let s be (-2 + i + -2)*-2. Let r(j) = 2 - s - j. Determine r(2).
-2
Suppose -3*y = -h - 1 - 12, -3*y = -2*h - 11. Let j(n) = -n + 5. Let i be j(y). Suppose 0 = 5*u - i - 5. Let t(v) = v**2 - v. Calculate t(u).
0
Suppose q + 8 = -q. Let j = 14 + -6. Let o(m) = -3*m - 2*m - j + 4*m - 1. Give o(q).
-5
Let f(s) be the first derivative of 11*s**2/2 - 8. What is f(-1)?
-11
Let r(l) = l**3 - 3*l**2. Suppose -3*b + 24 = -0*b. Let q = b - 5. What is r(q)?
0
Let v(w) = 10*w**2 + 25*w - 25. Let h(g) = 3*g**2 + 8*g + 0*g**2 + 1 - 5 - 4. Let z(q) = -7*h(q) + 2*v(q). What is z(-6)?
6
Let p(n) = 5*n**3 - 6*n**2 + 6*n - 1. Let o(j) = j**2 - j. Let t(s) = 4*o(s) + p(s). Let a(z) = -z + 9. Let f be a(8). What is t(f)?
4
Let s(i) = -17*i + 4 + i**2 + 1 + 11*i. What is s(6)?
5
Suppose 4*d = 5*k + 20 - 7, 5*d = 2*k - 5. Let u(x) = -4*x + 4. Let b(f) = 11*f - 11. Let m(c) = -3*b(c) - 8*u(c). What is m(k)?
6
Let o(i) = 2*i - 3. Let n(l) = l**3 - 7*l**2 - l + 9. Let r be n(7). What is o(r)?
1
Let q(g) = -g + g**2 - 3*g + g - 4*g + 4. Calculate q(5).
-6
Let a(d) = 10*d**2 + d - 1. Suppose -z + 4*s + 4 = -17, -5*s - 27 = -2*z. Give a(z).
10
Let d(i) = i**3 + 6*i**2 + 2*i + 7. Let v(h) = -2*h**3 - 7*h**2 - 2*h - 8. Let s(o) = -3*d(o) - 2*v(o). Suppose -23*m = -13*m - 50. Give s(m).
10
Let p(j) = -52 + 0*j + 2*j**2 + 6*j + 58. What is p(-4)?
14
Let t(u) = -5*u + 1. Let i be t(-1). Let x = 2 + i. Suppose -x + 0 = -4*j. Let v(h) = -3*h + 3. Give v(j).
-3
Let p(s) = 15*s + 1. Let u be p(3). Let b(t) = -5*t**2 + 97*t - 50*t - u*t. Give b(2).
-18
Let f(s) = s**3 - 4*s**2 - s + 4. Let w be 2/2*1*3. Calculate f(w).
-8
Suppose z + 5 = 2*j - 0*j, -z - 7 = -4*j. Let g(u) be the third derivative of u**4/4 - u**3/6 + 14*u**2. Calculate g(j).
5
Let l(g) = -6 - g - 7 + 3 + 2. Give l(-5).
-3
Let a = 10 + 11. Let u be 27/a + 2/(-7). Let b(n) be the second derivative of -n**3 + n**2/2 - n. What is b(u)?
-5
Let o(v) = -2*v + 3. Let f = 1 - -17. Let j(t) = 2*t**3 - t**2 + t. Let a be j(2). Suppose 0*b - 3*d = -b + f, 4*d = -2*b - a. What is o(b)?
-3
Let b(g) = -g + 2. Let t be 44/(-33)*3/(-2). Suppose -k - 2*z + t = 0, 4*k - 13 = -3*z - 0*z. What is b(k)?
-2
Let o(z) = 2*z - 5. Let f(b) = 3*b - 10*b - 3*b - b**2 - 10. Let u be f(-8). Calculate o(u).
7
Let j(t) = 2 + 4*t**2 - t**3 + 2*t**2 - 3. Let i be j(6). Let r(d) be the first derivative of 3*d**4/4 - d**2 - d - 1. Calculate r(i).
-2
Let r(b) = -b + 6. Let k be r(0). Let y(g) = g - 8. What is y(k)?
-2
Let m(y) = -8 + y + 2*y + 0*y + 2*y. Let s(o) = -4*o + 7. Let l(r) = 3*m(r) + 4*s(r). Determine l(5).
-1
Let k = 15 - 11. Let a(w) = -w**2 - k + 6 - 1 - 3*w. Determine a(-5).
-9
Suppose 4*n = 6*o - o + 32, 5*n + o - 11 = 0. Let b(t) = 3*t + 0*t**2 - t - t**2 + t. Calculate b(n).
0
Let i(y) = -y**3 - 7*y**2 + 8*y + 2. Let k(r) = -r**3 + 17*r**2 + 19*r - 26. Let a be k(18). Calculate i(a).
2
Let a(h) = 2*h**2 + 5*h - 9. Let g(b) = -3*b**2 - 11*b + 18. Let s(w) = 5*a(w) + 3*g(w). Give s(6).
-3
Let z(a) be the second derivative of 3*a + 1/2*a**3 + 1/10*a**5 + 0 - a**2 - 1/3*a**4. Calculate z(2).
4
Let w(f) = -3*f**2 + 14*f + 4. Let c(z) = z**2 - 7*z - 2. Let a be (-6)/27 + 47/9. Let m(y) = a*c(y) + 2*w(y). Let r be (24/(-18))/(2/6). Give m(r).
